-5011. What is the thousands digit of s?
2
What is the tens digit of (-15)/(-6)*4 - -952?
6
Let y be (6/4)/((-2)/(-372)). Let t = 564 - y. What is the tens digit of t?
8
Let s be 98/9 - (-15)/135. What is the tens digit of ((4 - s) + 5)/((-2)/204)?
0
Let g(o) = 2*o**3 + 5*o**2 + 2*o + 997. What is the hundreds digit of g(0)?
9
What is the hundreds digit of (1/3)/(3/2286)?
2
Let n(z) = -z**2 - 5*z + 1. Let w be n(-4). Suppose -w*b = -0*b - 15. Suppose -15 = -b*l + 54. What is the tens digit of l?
2
Let a(o) = -o - 4. Let h(x) = -3*x - 7. Let m(t) = -5*a(t) + 2*h(t). Let n be m(4). Suppose -n*j = -34 - 34. What is the units digit of j?
4
Let w = 3554 + -3012. What is the tens digit of w?
4
Suppose 0 = -9*o - 19*o + 98336. What is the thousands digit of o?
3
Suppose 0 = 42*p - 819 - 651. Suppose -2*z + 6 = -4, 20 = -3*m + 4*z. Suppose 0*y + y - p = m. What is the units digit of y?
5
Suppose -r + 3077 = 3*r + 3*x, -5*r + 2*x = -3852. What is the hundreds digit of r?
7
What is the units digit of -377*2*(-1 + -1)?
8
Let i(q) be the second derivative of q**4/12 + q**3/6 + q**2 + 10*q. Let g be i(-2). Suppose -14 = -g*h + 78. What is the tens digit of h?
2
Let b(v) be the third derivative of -11*v**7/5040 - v**6/360 + v**5/15 - 11*v**2. Let o(f) be the third derivative of b(f). What is the units digit of o(-4)?
2
Suppose 2*k = 3*i - 8*i + 1630, -2*k + 4*i = -1666. What is the tens digit of k?
2
Suppose -7*i = -11*i + 8. Suppose 30 + i = 2*f. Let x = -5 + f. What is the tens digit of x?
1
Suppose -20 = -2*t + 4*p, 4*p = 4*t - 0*p - 36. Suppose -t*k = -5*k - 39. Let y = k + 3. What is the units digit of y?
6
Suppose w + 4*h = 13, -2*w + 8 - 2 = 4*h. What is the tens digit of 12 - (-1 + 4 + w)?
1
Suppose i + 11 = -4*u, 4*i - 2*u - 40 = 3*u. Suppose -3*y + j - 3*j = -10, 5*y = -3*j + 15. Suppose i*a - 3*a - 54 = y. What is the units digit of a?
7
Let x = -19 - -28. What is the units digit of (x - -24)/(3/2)?
2
Let q = 366 - 71. What is the units digit of q?
5
Let x = 1187 + -276. What is the hundreds digit of x?
9
Let j(o) = -o - 21. Suppose 2*k - 33 = -3*i, 5*k - i - 74 = -0*i. Let u be j(k). Let l = -22 - u. What is the tens digit of l?
1
Let g(x) = -x - 6. Let i be g(-7). Suppose 22 - 1 = 3*u. What is the units digit of 36/9 + u/i?
1
Let x be (0 + 12)/(4 - 3)*-21. Let f = -123 - x. What is the tens digit of f?
2
What is the hundreds digit of -109 - -3076 - (-3*1 + 2)?
9
Suppose 17*b = 22*b - 40. Let z = 1 + 1. Suppose 0 = 2*v - z, -3*h + b = -4*v - 12. What is the units digit of h?
8
Let m(z) = -44*z + 1671. What is the hundreds digit of m(0)?
6
Suppose 1752 = 10*w - 478. What is the units digit of w?
3
Let o(n) = -n**2 + 9*n - 11. Let s be o(7). Suppose -s*k + 32 = -2*k. Let v = -23 + k. What is the units digit of v?
9
Let o(f) = -86*f - 209. What is the tens digit of o(-32)?
4
Suppose 10*b - 25*b = -3420. What is the tens digit of b?
2
Suppose 3*c - 2*b + 1256 = 8*c, 3*b - 1009 = -4*c. What is the units digit of c?
0
Let s(k) = 6*k**2 - 25*k + 1. Let b be s(11). Suppose -2*u - b = -4*l - 0*u, -113 = -l - 5*u. What is the hundreds digit of l?
1
Suppose 2*f - 4*t + 29 = 137, 4*f = -4*t + 192. Let l be (-2)/5 + 20/f. Suppose -d + 1 + l = 0, 3*o - d - 47 = 0. What is the tens digit of o?
1
Let h(q) = -2*q**3 - 6*q**2 - 5*q - 4. Let i be h(-4). Suppose -3*d = -d - i. What is the units digit of d?
4
Let b(h) = -14*h + 7*h - 16 + 11*h + 65. What is the units digit of b(17)?
7
Let d be ((-90)/27)/((-4)/6). Suppose 3*n + 44 = 4*q, -4*q + 47 = -d*n - 5. What is the tens digit of 174/10 - q/20?
1
Suppose 4*j + 5*f - 95 = 3*j, 4*j = -4*f + 444. Let h = j + -64. What is the tens digit of h?
5
Let x = -190 - -68. Let t = -61 - x. What is the units digit of t?
1
Suppose 116*y = 126*y - 24310. What is the hundreds digit of y?
4
Suppose -12*k - 10*k = -8404. What is the tens digit of k?
8
Let r(w) = 4*w + 5. Let p be 6/4*(-112)/(-12). What is the tens digit of r(p)?
6
Let s = -168 + 237. Let u = -257 - -393. Suppose -5*p + u = -s. What is the tens digit of p?
4
Let k(n) = 50*n**2 - n + 2. Let b be k(1). Suppose -4*a + b = 2*c - 51, 3*c - 159 = -4*a. What is the units digit of c?
7
Let c be 2 + 5/5 - 1. What is the tens digit of (c + -3)/((-3)/144)?
4
Let m be (-20)/(-4 + -1) + 0. Suppose 3*u - 33 = -m*c, 0 = -3*u - 3*c + 8*c + 6. What is the units digit of u?
7
Let h(a) = -41*a**3 - 1. Suppose 0 = -4*y - 1 - 3. Let r be h(y). Suppose 0 = -15*x + 10*x + r. What is the units digit of x?
8
Suppose -38*m + 57207 = -401. What is the units digit of m?
6
Let o = 3972 + -2302. What is the units digit of o?
0
Let x = -11 + 1. Let n = x - -12. What is the tens digit of n*4/(-8) + 15?
1
Suppose -21 = -3*b + 9. Let h(g) = g**2 - 11*g + 1. Let r be h(b). What is the tens digit of 48 - (-12)/r*-3?
5
Let k(f) = 766*f + 321. What is the thousands digit of k(2)?
1
Let v(q) = 35 + 67 + 55 + 2*q. What is the hundreds digit of v(0)?
1
Let g be 68/(-16) + (21/(-12) - -2). What is the tens digit of (2/1)/((-623)/(-154) + g)?
4
Suppose 0 = 3*v - 3*l - 4026, 0 = -4*l + 3*l - 2. Suppose -6*b + v = 44. What is the hundreds digit of b?
2
Suppose 38 - 62 = -6*k. Let l = 2 + -3. Let h = k - l. What is the units digit of h?
5
Let h be 1/((-4)/(-4))*33. Let j be h/(-11) + (16 - 1). What is the tens digit of j/(3/1) + 39?
4
Let y(k) = 2*k**2 - 11*k - 5. Let h be y(9). Suppose -2*f - 3*f = 2*j - 122, -j = 4*f - h. What is the tens digit of j?
6
Let x(k) = -k**3 - 7*k**2 - 3*k + 4. Let j be x(-11). Let w = -285 + j. What is the hundreds digit of w?
2
Suppose -7 - 10 = x. Let n be -7 + 4 + x - 2. Let v = n + 37. What is the tens digit of v?
1
Suppose -3*v - 3*b + 12 = 0, -4*v + 0*b = b - 1. Let j be 6/2 + v - -2. Suppose -4*p + 64 + j = 0. What is the tens digit of p?
1
Suppose 21*u = 19*u + 1070. What is the units digit of u?
5
What is the units digit of (-6 - -347 - -2) + 1*4?
7
Let x(i) = -7*i - 4. Suppose 21 = -3*q + 3. What is the tens digit of x(q)?
3
Suppose 7*z + 2 = 8*z. Suppose -5*b + 264 = -q, 2*b - 55 = b - z*q. What is the tens digit of b?
5
Let r(s) = -s**3 + 18*s**2 - 15*s - 4. Suppose 0 = 3*z + z - d - 68, 2*d = z - 17. What is the tens digit of r(z)?
3
Let z(b) = -b**2 + 6*b - 6. Let x be z(4). Suppose 3*r - 4 = -4*c, 5*c = -r - x*r + 2. Suppose -51 + 7 = -r*n. What is the units digit of n?
1
Let o(v) = 40*v**2 - 3. What is the units digit of o(3)?
7
Let l = 29 + -148. Let g = l + 184. What is the units digit of g?
5
Suppose -2 - 14 = -2*m. Suppose 0 = -9*d + m*d - 5. What is the units digit of 36/(-2 - d) + 3?
5
Suppose 3*s + s - 32 = 0. Suppose 0 = 4*p - 8*p + s. Suppose -3*v + 98 = -p*b, -64 = -2*v + 3*b + 8. What is the tens digit of v?
3
Suppose -4*h + h = 3*j - 2535, 3*h - 2527 = -j. What is the hundreds digit of h?
8
Let t(i) be the second derivative of -i**5/20 + 7*i**4/12 + 4*i**3/3 + 5*i**2 + 10*i. What is the tens digit of t(8)?
1
Let z(f) = f + 16. Suppose -4*m + 7*m + 33 = 0. Let o be z(m). Let n(w) = 2*w**2 - 5*w + 5. What is the tens digit of n(o)?
3
Let i(n) be the second derivative of -n**3/2 - 17*n**2/2 - 56*n. Suppose -3*q = 3*o + 9, -4*q - o - 27 = -2*o. What is the units digit of i(q)?
1
Let q(g) = -g - 1. Let k be q(10). Let u(a) = -a**3 - 10*a**2 + 11*a - 7. Let h be u(k). What is the tens digit of (-534)/(-14) - (-1)/h?
3
Let s = 1112 + 825. What is the tens digit of s?
3
Suppose 120*n - 4930 = 110*n. What is the tens digit of n?
9
Let k(s) = -2*s + 34. Let o be k(16). Suppose -4*t + m + 174 = 0, -o*t + 5*m + 27 = -69. What is the tens digit of t?
4
Let r(u) = u**3 + 9*u**2 + 2*u - 8 + 0*u - 4*u**3 + 2*u**3. Suppose -3 + 27 = 2*s + 2*b, -3*s + 18 = -3*b. What is the units digit of r(s)?
0
Let m be (-34067)/(-76) - 2/8. Suppose -2*d = -3*r + m, -d + 2*d + 5*r = -198. What is the units digit of 3/(-9) - d/6?
6
Let c be 5 - -1 - (8 + -4). Suppose -x + 5*x = -u + 23323, -29150 = -5*x - c*u. What is the tens digit of (-2)/(-13) + x/117?
5
Let f(i) = -45*i**3 + i**2 + 2*i. Let w be f(-2). Suppose 12*d - 7*d - w = 0. What is the units digit of d?
2
Let w = -2249 + 3287. What is the thousands digit of w?
1
Let n(r) = r**2 - 7*r + 9. Let k be n(6). Suppose -2*y - 2*x = 2*y - 150, 0 = 3*y + k*x - 120. Suppose -y - 4 = -3*g. What is the units digit of g?
3
Let x(n) =